*b**2 - 21*b + 12. Let d(q) = -32*q**2 + 16*q - 10. Let p(h) = -4*d(h) - 3*o(h). Calculate p(2).
118
Let v be -2*(-1 + (-1)/2). Suppose -8*y - 102 = 4*y - 402. Let n(d) = y*d**v - 4*d**2 + 28*d**3 - d - 52*d**3. Give n(4).
-4
Suppose -r + 4 = -8. Let g(z) = z + 25. Let p be g(-21). Let m(t) = -t**3 + 2*t**2 - 9 + r + p*t**2. Give m(6).
3
Let o(j) be the third derivative of -j**5/60 + j**4/24 + j**3/2 + 258*j**2 + 1. Suppose 0 = -9*i + 4*i + 15. Determine o(i).
-3
Let d(s) = -s**3 - 3*s**2 + 21*s - 149. Let h be d(-8). Let z(a) = -2*a**3 + 5*a**2 - 3*a**2 + 4 - a**2 + 4*a - 5*a. Determine z(h).
-44
Suppose 0 = -b - 4*r + 39, -2*b + 32 = 5*r - 37. Let s be (-12)/((-21)/(42/6)). Let d be s/(-18) - (-141)/b. Let m(a) = -2*a. Calculate m(d).
-10
Let j(y) = 12*y**2 - 1. Let q be j(-1). Let m(s) = -4 + 10 + 0*s**2 + q*s**2 + s**3 + 11*s. Let b = 1933 - 1943. Calculate m(b).
-4
Let i be -6 - (4*-14)/4. Let a(t) = -4*t + 1. Let l(r) = -7*r + 3. Let q(m) = 5*a(m) - 3*l(m). What is q(i)?
4
Let r(q) = -2*q - 16. Let u(c) = 5*c - 205. Suppose 3159*m - 3155*m = 156. Let p be u(m). Calculate r(p).
4
Let y(r) = -r**3 - 4*r**2 + r + 10. Suppose -338*s - 2 = o - 341*s, -5*s - 15 = 2*o. Give y(o).
30
Let a(s) = -23*s**2 + 1. Let t be -1*1*(-14)/42*3. Let g be ((2 - t)*-1)/(4/(-244)). Let r = g + -62. Give a(r).
-22
Suppose 4*g - 170 = -r, 5*g - 5*r - 257 = -32. Let z = g - -11. Let l = -60 + z. Let w(q) = q. Determine w(l).
-6
Let i be (-36)/(-20) - (-2)/10. Suppose 0 = 4*f - 3*x + 6*x - 23, -3*x = f - 17. Let j(l) = -5 - f*l**3 + 10 + 2*l**2 - 3 + l. Calculate j(i).
-4
Let s = -1 - -1. Let x = 290 + -287. Let t(v) = v**x + 55 - 109 - 2*v**2 + 57 + 3*v**2. What is t(s)?
3
Let f = 183 + -192. Let m(w) be the second derivative of -3*w**2 + 0 - 7*w - 1/6*w**3. Calculate m(f).
3
Let l(r) be the first derivative of 13*r**2 - 5*r - 173. Let f(x) = 6*x. Let n(i) = 4*f(i) - l(i). Give n(3).
-1
Let v = -1704 - -1704. Let x(p) = 3*p + 14. What is x(v)?
14
Let m(a) = 46*a - 2. Suppose 3*k - 4*b - 16 = 0, -4*k - 786*b + 17 = -787*b. Give m(k).
182
Let u(n) = -55*n - 38*n - 1 + 96*n. Let q = -15 + 11. Give u(q).
-13
Let i(g) = -g**2 + 9*g - 3. Let t(d) = 2*d**2 + 20*d - 41. Let v(c) = c**2 + 31*c - 100. Let x be v(-34). Let o be t(x). Calculate i(o).
11
Let x be (5 - 7) + 15/3. Let y(i) = 2*i - x*i**2 - 23 - i**3 + 21 + 0*i. Give y(-4).
6
Let j(n) = 5*n + 14. Let v(w) = 5*w + 12. Let o = -70 - -75. Let r(d) = o*v(d) - 4*j(d). Let c(s) = s**3 - 16*s**2 - 18*s + 14. Let x be c(17). Give r(x).
-11
Let c(y) = y + 17. Let l be c(-11). Let s(w) = -l + 0*w - 4*w + 0*w + 5*w. Let t(o) = 8*o + 7. Let k be t(0). Determine s(k).
1
Let j(g) = g**3 + 4*g**2 - 5*g + 12. Let l(w) be the second derivative of w**5/20 + w**4/4 - w**3 + 6*w**2 + 83*w. Let r(z) = -6*j(z) + 5*l(z). Give r(-9).
-12
Let b be (-8)/(-12) + (-32)/(-6). Let g(n) = -6*n - 5. Let a(r) = 1. Let k(u) = b*a(u) + g(u). Let y(j) = -21*j + 25. Let i be y(1). Determine k(i).
-23
Let v(q) = 3*q - 3*q**2 + 6 - 13 + 9 + 1 + 3*q. Determine v(6).
-69
Let v(g) = -g**2 + g + 3. Let a(y) = y**2 - 11*y - 80. Let n be (16*-8)/(-4)*4/8. Let b be a(n). Determine v(b).
3
Let c(n) = 3*n**2 + 122*n - 186. Let f be c(-42). Let d(b) be the second derivative of b**3/6 + 5*b**2 - 23*b. Give d(f).
-8
Let g(d) = -d**2 - 8*d + 3. Suppose -5*p - 330 - 595 = -h, 3*h = -4*p - 759. Let w be p/(-124)*-16*(-1)/(-3). Determine g(w).
3
Let k(x) = x**3 - 3*x**2 + 2*x - 4. Let o(m) = m**2 - 16*m - 33. Suppose 64*j = 67*j + 273. Let v = j + 109. Let t be o(v). Calculate k(t).
2
Let v(a) = -a**3 + 4*a**2 - 10*a + 11. Let i(w) be the second derivative of w**4/6 + 57*w. Let k(b) = 3*i(b) + v(b). What is k(9)?
2
Let h(x) = 2*x**2 - 34*x - 1. Suppose 4*q - 6*q = 8*q - 170. Give h(q).
-1
Let c(l) be the second derivative of -8*l**3/3 - 49*l**2/2 + l + 617. Determine c(-6).
47
Let r = -137 + 138. Let h(m) = -1 + 2 - 24*m + 9*m + 0*m - 22*m**2 + 13*m. Calculate h(r).
-23
Suppose 15*u - 12*w = -15*w + 369, 3*u + w = 71. Let l(q) = 9*q - 243. Give l(u).
-9
Let m(q) be the second derivative of -q**3/6 - 7*q**2 + 2993*q. Give m(11).
-25
Let l(a) = 1577*a**3 - 2*a - 27 - 3*a**2 - 1578*a**3 - 29*a**2. Determine l(-32).
37
Let u(x) be the third derivative of x**4/6 + 17*x**3/6 + 366*x**2. Determine u(-10).
-23
Let u(q) be the second derivative of q**5/20 - q**4/3 + 7*q**3/6 - 3*q**2/2 + 3313*q. Calculate u(2).
3
Let t = 141 - 138. Let q(b) = b + 4. Let h be q(0). Let x(u) = -17*u + h + 14*u - 1 - 4. What is x(t)?
-10
Let i(d) = -d**3 - 11*d**2 + d + 13. Let c be i(-11). Let s(g) = 5*g + c - 10 + 9. What is s(3)?
16
Let u(y) = -y**3 + 7*y**2 - 24*y + 104. Let o be u(6). Let k(h) = -5*h**2 - 8*h + 1. Determine k(o).
-47
Let d = -10932 + 10931. Let o(h) be the third derivative of h**6/8 + h**5/60 + 2*h**2. Calculate o(d).
-14
Let q(a) be the first derivative of a - 1/2*a**2 - 35 - 1/3*a**3. Calculate q(-2).
-1
Let z(p) = -64*p - 685. Let n be z(-11). Let c(v) = -8*v + 159. Give c(n).
7
Let z = -243 - -253. Suppose -39 = z*p - 7*p. Let w(c) = -c**3 - 14*c**2 - 14*c - 9. Calculate w(p).
4
Let y(h) = h**2 + 6*h - 20. Suppose 2*q + 1 = 5*x, 0 = 5*q - 99*x + 104*x + 55. Give y(q).
-4
Let a be 648/(-20) - 6/10. Let z(f) = -f**2 + 11*f - 16. Let m be z(10). Let b be (-9)/m - a/6. Let l(u) = -u**3 + 7*u**2 - 2*u - 9. Determine l(b).
-23
Let p(x) = x**2 - 2. Suppose 2*y + 5*m = 152, 5*y - 178 = 4*m + 268. Suppose -48 = 82*f - y*f. Let o be (-22)/f + (-125)/30 + 4. What is p(o)?
2
Let x(z) = 7 - 17 + 16*z + 8 - z**2 - 14 + 4*z. Give x(22).
-60
Let w(u) = -3*u + 5 + 4*u + 5. Let q be (-48)/(-42) + (-9 - -1*52/28). Give w(q).
4
Let a(b) = 92*b**2 - 20*b**2 + 5 - 38*b**2 - 36*b**2 + 31*b. What is a(16)?
-11
Let f(q) = q**3 + 5*q**2 - 2*q. Let i be -1 + (150 - (9 + -5)). Let s = i + -150. Determine f(s).
10
Suppose 3*s + 2*i = -13, -6*i + 3*i = -4*s + 11. Let u = -2126 + 2130. Let d be -1*(s + 0 - u). Let t(r) = r**2 - 4*r - 2. Determine t(d).
3
Let n(s) = -s**3 + 7*s**2 - 5*s - 8. Let y = -74 - -67. Let f(u) = u**3 + 7*u**2 - 6*u - 10. Let v be f(y). Suppose -10 = -7*h + v. What is n(h)?
-2
Let p(b) = -11*b + 36*b + b**2 - 13*b - 9*b + 12 - 18*b. What is p(11)?
-32
Let u(a) = 9*a - 2*a + 19*a + 7. Let z(j) = -11*j - 7. Let q(h) = -h + 2. Let l(s) = -2*q(s) - z(s). Let p(i) = 5*l(i) - 2*u(i). What is p(-1)?
-12
Let n(v) = -v**2 + 3*v - 1. Let q(y) = -y**2 - 14*y + 3. Let a be q(-14). Suppose 8*w = a*w + 40. Suppose -w*l + 35 - 3 = 0. What is n(l)?
-5
Let d(u) = 0*u + 7 - 5 + u. Let o be 1112/10 - ((-414)/(-45) - 9). Let p = -106 + o. Give d(p).
7
Let o(z) = z - 1. Let x(i) = -2*i**2 - 24*i + 6. Let w be x(-12). Let m be 1*(-32)/6*9/w. Let k be (3/(-6))/(2/m)*2. Determine o(k).
3
Let d(v) = v**2 - 6*v + 7. Let x be d(-4). Suppose 4*a - x + 15 = 0. Let o(b) = 0*b + 19 + b - 8 - a*b**3 - 10. Calculate o(-1).
8
Let x = 5233 - 5226. Let u(y) = -y**3 + 7*y**2 + 9*y - 15. Calculate u(x).
48
Let v(z) = 5*z - 7. Let c = 6147 + -6144. Give v(c).
8
Let m = 20545 + -20543. Let x(o) = 4*o**3 - 2*o**2 + 3*o - 2. What is x(m)?
28
Let b(s) = -13 + 0 + 8505*s - 8482*s + 0. What is b(-3)?
-82
Let k be 4 + (-1)/((-5)/5). Let j(g) = -10 - 1 + 7 - k*g - g**2. Let d(c) = -5*c**2 - 24*c - 20. Let u(v) = 2*d(v) - 11*j(v). What is u(-7)?
4
Let x(l) = 972*l**2 + l - 1948*l**2 + 29*l**3 + 975*l**2. Calculate x(1).
29
Let w be ((-243)/162)/(3/6) - (-4 + -5). Let h(p) be the second derivative of p**3/6 - 2*p**2 - p. What is h(w)?
2
Let y be 2/(-9) - (-25)/(-9). Let v be (-3312)/(-80) + y/(-5). Suppose v*u = 41*u + 5. Let f(i) = i - 12. What is f(u)?
-7
Let w(j) be the second derivative of -j**4/12 - 4*j**3/3 - 9*j**2/2 + 238*j. Let y = 14 + 16. Let i = y + -36. Give w(i).
3
Let a be 135/20 - 12/16. Let s(n) = n**3 - 5*n**2 - 6*n - 1. Let k be s(a). Let f be 3 + k + -3 - -7. Let o(t) = t**3 - 5*t**2 - 4*t - 6. Calculate o(f).
6
Let f(z) = -15*z**2 + 8*z + 4. Let w(j) = 7*j**2 - 4*j - 2. Let x = -42 - -29. Let l(d) = x*w(d) - 6*f(d). Let i = -52150 - -52155. What is l(i)?
-3
Let y be 1/(((-16)/(-168))/((-4)/6)). Suppose 12 = 2*g + 5*v, -g - 2*g - 2*v = -7. Let x(n) = 1 - g - 3 - n + 2*n. Determine x(y).
-10
Let q(s) be the first derivative of s**4/4 - 7*s**3/3 - s**2 + 5*s - 1514. Calculate q(6).
-43
Suppose 14*n - 